-99
Convert 396a (base 11) to base 3.
21002001
What is -1122312 (base 4) in base 7?
-22644
What is -5887 (base 16) in base 15?
-6aad
What is -828 (base 13) in base 15?
-626
What is 2706 (base 13) in base 8?
12717
What is -44005 (base 7) in base 11?
-8283
1cd (base 14) to base 11
313
2408 (base 9) to base 13
a79
Convert 230 (base 8) to base 14.
ac
Convert 12511 (base 7) to base 6.
23244
-187 (base 9) to base 15
-aa
18882 (base 9) to base 6
140415
Convert -1016 (base 12) to base 13.
-a44
Convert -11 (base 4) to base 8.
-5
What is 6a62 (base 15) in base 7?
122603
Convert 256 (base 10) to base 4.
10000
-81 (base 10) to base 12
-69
Convert -783 (base 9) to base 5.
-10032
What is 10014 (base 7) in base 8?
4554
Convert -113112 (base 8) to base 11.
-269a7
Convert c5 (base 15) to base 12.
135
Convert 256 (base 10) to base 2.
100000000
What is 4482 (base 10) in base 5?
120412
Convert 3132313 (base 4) to base 2.
11011110110111
Convert -5d9 (base 15) to base 4.
-110301
What is -100005 (base 9) in base 14?
-17742
Convert 12002 (base 6) to base 5.
23410
Convert -211203 (base 4) to base 5.
-34103
12435 (base 6) to base 3
2121012
1a9 (base 14) to base 3
110210
-10010111101 (base 2) to base 15
-55d
What is 38b (base 12) in base 6?
2255
47652 (base 9) to base 3
1121201202
-4256a (base 11) to base 14
-187bd
-3271 (base 9) to base 11
-18a4
Convert -22523 (base 6) to base 13.
-1608
Convert 2443 (base 5) to base 10.
373
What is 2101330 (base 4) in base 11?
7021
Convert -222023 (base 5) to base 2.
-1111001010011
1262b (base 13) to base 11
23605
What is -5168a (base 11) in base 3?
-10211101010
What is -2103 (base 4) in base 14?
-a7
Convert -24c0 (base 15) to base 10.
-7830
-13020 (base 4) to base 9
-556
7585 (base 10) to base 13
35b6
What is a0c (base 15) in base 16?
8d6
What is 1a1 (base 16) in base 11?
34a
-733 (base 12) to base 11
-872
222 (base 9) to base 16
b6
-110ca (base 13) to base 3
-1120102100
-143345 (base 6) to base 7
-55034
Convert 46155 (base 7) to base 6.
130223
-27000 (base 9) to base 7
-104064
Convert -1291 (base 13) to base 2.
-101001011101
Convert -b9 (base 16) to base 5.
-1220
1124114 (base 5) to base 7
113603
What is 22 (base 12) in base 10?
26
What is eaf (base 16) in base 7?
13650
104565 (base 7) to base 14
6a35
What is 2222032 (base 4) in base 9?
15844
What is -45808 (base 9) in base 14?
-b1bb
-1032 (base 7) to base 11
-303
-30033110 (base 4) to base 5
-3101012
Convert -112 (base 4) to base 13.
-19
What is -10000000 (base 2) in base 10?
-128
136 (base 12) to base 11
15a
Convert 1562 (base 11) to base 5.
31004
Convert -3344 (base 6) to base 15.
-374
Convert 2a4 (base 14) to base 13.
323
Convert -40b (base 12) to base 8.
-1113
Convert -494 (base 13) to base 5.
-11142
Convert 3a52 (base 13) to base 7.
33224
Convert 101332 (base 5) to base 14.
130a
Convert 1740 (base 10) to base 4.
123030
Convert 2407 (base 11) to base 4.
301101
What is -12200 (base 6) in base 2?
-11100001000
11020120 (base 3) to base 4
300111
Convert 435 (base 6) to base 9.
205
What is -32531 (base 6) in base 14?
-190b
Convert -5353 (base 6) to base 7.
-3363
Convert -14631 (base 16) to base 5.
-10133010
What is 411230 (base 6) in base 4?
13333002
What is 878 (base 10) in base 6?
4022
What is -126 (base 9) in base 7?
-210
-57c (base 16) to base 7
-4044
Convert -1006 (base 10) to base 13.
-5c5
101101000011 (base 2) to base 16
b43
What is -245 (base 12) in base 9?
-418
Convert -56165 (base 9) to base 5.
-2143234
e8 (base 16) to base 8
350
10211 (base 4) to base 5
2133
-47805 (base 10) to base 5
-3012210
Convert -1a18 (base 11) to base 2.
-101000000000
Convert 111010000 (base 2) to base 10.
464
What is -12323 (base 5) in base 15?
-443
What is 1110001101011 (base 2) in base 14?
2919
What is -1120011 (base 3) in base 2?
-10001110010
What is -213061 (base 7) in base 12?
-19567
-14f (base 16) to base 15
-175
-101111000101 (base 2) to base 5
-44023
Convert -39d (base 16) to base 13.
-562
Convert -10001011 (base 2) to base 5.
-1024
Convert -2101212 (base 4) to base 6.
-111050
Convert -464 (base 7) to base 3.
-22222
220 (base 3) to base 7
33
10002221 (base 3) to base 9
3087
Convert 235 (base 9) to base 2.
11000010
2001202 (base 3) to base 15
6a5
289 (base 10) to base 8
441
What is -24232 (base 5) in base 3?
-2111022
233 (base 10) to base 9
278
-2332 (base 10) to base 14
-bc8
Convert 1014 (base 5) to base 7.
251
Convert 3130 (base 11) to base 12.
2497
-12442 (base 9) to base 3
-102111102
Convert -2d6c (base 15) to base 5.
-303102
Convert -5380 (base 12) to base 10.
-9168
What is -53a (base 13) in base 4?
-31332
Convert 120f (base 16) to base 14.
1983
203 (base 5) to base 11
49
What is -207 (base 14) in base 7?
-1110
-639 (base 14) to base 2
-10011001011
Convert 35151 (base 7) to base 16.
232b
-68c1 (base 15) to base 6
-250531
What is -212001 (base 4) in base 13?
-1152
-16589 (base 12) to base 6
-403453
200011100 (base 3) to base 4
3032313
Convert -1b1 (base 13) to base 11.
-265
What is -66 (base 7) in base 16?
-30
What is -11043 (base 7) in base 15?
-c50
Convert -556 (base 8) to base 14.
-1c2
What is 2022 (base 3) in base 16?
3e
What is -10001001111 (base 2) in base 16?
-44f
558 (base 12) to base 9
1065
1795 (base 16) to base 8
13625
Convert -1111110100 (base 2) to base 13.
-5cb
Convert 1320223 (base 4) to base 8.
17053
Convert 3a5 (base 14) to base 13.
445
Convert 1106 (base 7) to base 16.
18e
-73 (base 8) to base 3
-2012
What is cc (base 14) in base 11?
154
What is 46423 (base 7) in base 16?
2e63
Convert -13231 (base 4) to base 6.
-2141
What is 3643 (base 11) in base 7?
16616
-17363 (base 9) to base 2
-10111010111100
-852 (base 16) to base 14
-ac2
What is 3106 (base 7) in base 4?
100330
73 (base 13) to base 6
234
-193 (base 16) to base 10
-403
What is 5606 (base 8) in base 9?
4037
435 (base 10) to base 14
231
13163 (base 7) to base 2
110111000100
What is -5bb (base 14) in base 6?
-5145
What is -526a (base 12) in base 10?
-9010
What is 10101100010000 (base 2) in base 11?
8312
What is -6137 (base 11) in base 12?
-486b
Convert -118 (base 10) to base 5.
-433
Convert 111307 (base 8) to base 4.
21023013
What is -22302 (base 4) in base 15?
-310
Convert -712 (base 9) to base 7.
-1454
What is -168 (base 14) in base 11?
-242
-11333201 (base 4) to base 3
-1020200002
-42235 (base 7) to base 11
-7908
-10130003 (base 4) to base 2
-100011100000011
What is 1110001111000 (base 2) in base 7?
30151
What is -2a6 (base 12) in base 15?
-1c9
29e (base 16) to base 2
1010011110
1010101110 (base 2) to base 14
370
-3352 (base 9) to base 15
-b02
-3110313 (base 4) to base 11
-a265
464 (base 13) to base 5
11013
1222111 (base 3) to base 7
4132
-1101000001101 (base 2) to base 15
-1e99
11184 (base 9) to base 13
350b
Convert 10001110112 (base 3) to base 10.
60116
What is 46 (base 8) in base 4?
212
What is 4151 (base 8) in base 16?
869
Convert -8836 (base 11) to base 3.
-120222200
-9a75 (base 12) to base 10
-17081
Convert -4755 (base 8) to base 7.
-10260
1222112 (base 3) to base 8
2645
61 (base 14) to base 16
55
What is -3482 (base 13) in base 3?
-101010002
Convert 33e (base 16) to base 12.
592
What is 11301 (base 4) in base 15?
199
Convert 11110000001 (base 2) to base 5.
30141
145 (base 8) to base 12
85
-2312300 (base 4) to base 12
-6928
Convert -402 (base 6) to base 10.
-146
-492 (base 11) to base 12
-409
3a5 (base 14) to base 13
445
Convert -572 (base 8) to base 4.
-11322
-2013 (base 4) to base 7
-252
What is 1001111000 (base 2) in base 10?
632
55a3 (base 12) to base 9
14006
What is -12012320 (base 4) in base 9?
-37275
Convert -8ca7 (base 14) to base 15.
-73a1
Convert -2b6 (base 16) to base 2.
-1010110110
Convert -429 (base 14) to base 2.
-1100110101
What is -10055 (base 6) in base 2?
-10100110011
Convert 330432 (base 5) to base 11.
85a4
What is 856 (base 11) in base 8?
2005
What is 1982 (base 11) in base 5?
40020
What is -2281 (base 10) in base 2?
-100011101001
Convert 20b (base 14) to base 2.
110010011
Convert 2113 (base 4) to base 11.
128
Convert 115c (base 15) to base 14.
14b5
What is 30535 (base 6) in base 5?
112331
What is -5e7 (base 15) in base 11?
-1010
Convert 3c2 (base 13) to base 3.
220122
57ab (base 15) to base 10
18611
What is 5bba (base 12) in base 7?
42136
Convert -426 (base 7) to base 8.
-330
What is